{"id":1226,"date":"2024-01-23T22:16:26","date_gmt":"2024-01-23T22:16:26","guid":{"rendered":"https:\/\/www.firstedukit.pl\/?post_type=product&#038;p=1226"},"modified":"2024-12-01T13:06:42","modified_gmt":"2024-12-01T11:06:42","slug":"teddy-bear","status":"publish","type":"product","link":"https:\/\/www.firstedukit.pl\/index.php\/product\/teddy-bear\/","title":{"rendered":"Teddy Bear Day"},"content":{"rendered":"<p>Pakiet materia\u0142\u00f3w pdf na<strong> Dzie\u0144 Pluszowego Misia<\/strong>. W jego sk\u0142ad wchodzi:<br \/>&#8211; mini e-book z opisem 8 r\u00f3\u017cnych aktywno\u015bci do wykorzystania podczas prowadzenia zaj\u0119\u0107,<br \/>&#8211; karty emocji (happy, sad, angry, scared, sleepy)<br \/>&#8211; gimnastyka z misiem,<br \/>&#8211; szablon kostki do gry utrwalaj\u0105cej nazwy kilku prostych czynno\u015bci w czasie tera\u017aniejszym (dancing, singing, sleeping, reading, playing, jumping),<br \/>&#8211; misiowe kolorowanki,<br \/>&#8211; szablony do wyci\u0119cia potrzebne w trakcie zaj\u0119\u0107.Teddy Bear<\/p>\n","protected":false},"excerpt":{"rendered":"<p><\/p>\n","protected":false},"featured_media":1559,"comment_status":"open","ping_status":"closed","template":"","meta":{"_kad_post_transparent":"","_kad_post_title":"","_kad_post_layout":"","_kad_post_sidebar_id":"","_kad_post_content_style":"","_kad_post_vertical_padding":"","_kad_post_feature":"","_kad_post_feature_position":"","_kad_post_header":false,"_kad_post_footer":false,"jetpack_post_was_ever_published":false},"product_brand":[],"product_cat":[15,24,23,203],"product_tag":[34,35,32],"class_list":{"0":"post-1226","1":"product","2":"type-product","3":"status-publish","4":"has-post-thumbnail","6":"product_cat-e-booki","7":"product_cat-karty-na-zajecia","8":"product_cat-karty-pracy","9":"product_cat-special-days","10":"product_tag-dzien-pluszowego-misia","11":"product_tag-gimnastyka","12":"product_tag-teddy-bear","14":"first","15":"instock","16":"downloadable","17":"virtual","18":"sold-individually","19":"taxable","20":"purchasable","21":"product-type-simple","22":"entry","23":"content-bg","24":"loop-entry"},"jetpack_sharing_enabled":true,"_links":{"self":[{"href":"https:\/\/www.firstedukit.pl\/index.php\/wp-json\/wp\/v2\/product\/1226","targetHints":{"allow":["GET"]}}],"collection":[{"href":"https:\/\/www.firstedukit.pl\/index.php\/wp-json\/wp\/v2\/product"}],"about":[{"href":"https:\/\/www.firstedukit.pl\/index.php\/wp-json\/wp\/v2\/types\/product"}],"replies":[{"embeddable":true,"href":"https:\/\/www.firstedukit.pl\/index.php\/wp-json\/wp\/v2\/comments?post=1226"}],"version-history":[{"count":1,"href":"https:\/\/www.firstedukit.pl\/index.php\/wp-json\/wp\/v2\/product\/1226\/revisions"}],"predecessor-version":[{"id":2182,"href":"https:\/\/www.firstedukit.pl\/index.php\/wp-json\/wp\/v2\/product\/1226\/revisions\/2182"}],"wp:featuredmedia":[{"embeddable":true,"href":"https:\/\/www.firstedukit.pl\/index.php\/wp-json\/wp\/v2\/media\/1559"}],"wp:attachment":[{"href":"https:\/\/www.firstedukit.pl\/index.php\/wp-json\/wp\/v2\/media?parent=1226"}],"wp:term":[{"taxonomy":"product_brand","embeddable":true,"href":"https:\/\/www.firstedukit.pl\/index.php\/wp-json\/wp\/v2\/product_brand?post=1226"},{"taxonomy":"product_cat","embeddable":true,"href":"https:\/\/www.firstedukit.pl\/index.php\/wp-json\/wp\/v2\/product_cat?post=1226"},{"taxonomy":"product_tag","embeddable":true,"href":"https:\/\/www.firstedukit.pl\/index.php\/wp-json\/wp\/v2\/product_tag?post=1226"}],"curies":[{"name":"wp","href":"https:\/\/api.w.org\/{rel}","templated":true}]}}