{"id":1451,"date":"2024-01-26T18:13:22","date_gmt":"2024-01-26T18:13:22","guid":{"rendered":"https:\/\/www.firstedukit.pl\/?post_type=product&#038;p=1451"},"modified":"2024-12-01T13:38:18","modified_gmt":"2024-12-01T11:38:18","slug":"andrzejki","status":"publish","type":"product","link":"https:\/\/www.firstedukit.pl\/index.php\/product\/andrzejki\/","title":{"rendered":"Andrzejki"},"content":{"rendered":"<p>W plikach:<br \/><img decoding=\"async\" height=\"16\" width=\"16\" src=\"https:\/\/static.xx.fbcdn.net\/images\/emoji.php\/v9\/te\/1.5\/16\/1fa84.png\" alt=\"\ud83e\ude84\">\u00a0magiczne kule z zawodami (kim b\u0119d\u0119 w przysz\u0142o\u015bci?)- \u0142\u0105cznie 24 zawody (m.in. policjant, pi\u0142karz, modelka, kosmetyczka, fotograf, astronauta) (pdf)<br \/><img decoding=\"async\" height=\"16\" width=\"16\" src=\"https:\/\/static.xx.fbcdn.net\/images\/emoji.php\/v9\/te\/1.5\/16\/1fa84.png\" alt=\"\ud83e\ude84\">\u00a016 wr\u00f3\u017cb- co ci\u0119 czeka w najbli\u017cszej przysz\u0142o\u015bci?<br \/><img decoding=\"async\" height=\"16\" width=\"16\" src=\"https:\/\/static.xx.fbcdn.net\/images\/emoji.php\/v9\/te\/1.5\/16\/1fa84.png\" alt=\"\ud83e\ude84\">\u00a016 r\u00f3\u017cnych karteczek z afirmacjami na dobry dzie\u0144<\/p>\n","protected":false},"excerpt":{"rendered":"<p>W plikach:\u00a0magiczne kule z zawodami (kim b\u0119d\u0119 w przysz\u0142o\u015bci?)- \u0142\u0105cznie 24 zawody (m.in. policjant, pi\u0142karz, modelka, kosmetyczka, fotograf, astronauta) (pdf)\u00a016 wr\u00f3\u017cb- co ci\u0119 czeka w najbli\u017cszej przysz\u0142o\u015bci?\u00a016 r\u00f3\u017cnych karteczek z afirmacjami na dobry dzie\u0144<\/p>\n","protected":false},"featured_media":1556,"comment_status":"open","ping_status":"closed","template":"","meta":{"_kad_post_transparent":"","_kad_post_title":"","_kad_post_layout":"","_kad_post_sidebar_id":"","_kad_post_content_style":"","_kad_post_vertical_padding":"","_kad_post_feature":"","_kad_post_feature_position":"","_kad_post_header":false,"_kad_post_footer":false,"jetpack_post_was_ever_published":false},"product_brand":[],"product_cat":[15,24,23,207],"product_tag":[65,62,64,63],"class_list":{"0":"post-1451","1":"product","2":"type-product","3":"status-publish","4":"has-post-thumbnail","6":"product_cat-e-booki","7":"product_cat-karty-na-zajecia","8":"product_cat-karty-pracy","9":"product_cat-na-zajecia-po-polsku","10":"product_tag-afirmacje","11":"product_tag-andrzejki","12":"product_tag-wrozby","13":"product_tag-zawody","15":"first","16":"instock","17":"downloadable","18":"virtual","19":"sold-individually","20":"taxable","21":"purchasable","22":"product-type-simple","23":"entry","24":"content-bg","25":"loop-entry"},"jetpack_sharing_enabled":true,"_links":{"self":[{"href":"https:\/\/www.firstedukit.pl\/index.php\/wp-json\/wp\/v2\/product\/1451","targetHints":{"allow":["GET"]}}],"collection":[{"href":"https:\/\/www.firstedukit.pl\/index.php\/wp-json\/wp\/v2\/product"}],"about":[{"href":"https:\/\/www.firstedukit.pl\/index.php\/wp-json\/wp\/v2\/types\/product"}],"replies":[{"embeddable":true,"href":"https:\/\/www.firstedukit.pl\/index.php\/wp-json\/wp\/v2\/comments?post=1451"}],"version-history":[{"count":1,"href":"https:\/\/www.firstedukit.pl\/index.php\/wp-json\/wp\/v2\/product\/1451\/revisions"}],"predecessor-version":[{"id":2190,"href":"https:\/\/www.firstedukit.pl\/index.php\/wp-json\/wp\/v2\/product\/1451\/revisions\/2190"}],"wp:featuredmedia":[{"embeddable":true,"href":"https:\/\/www.firstedukit.pl\/index.php\/wp-json\/wp\/v2\/media\/1556"}],"wp:attachment":[{"href":"https:\/\/www.firstedukit.pl\/index.php\/wp-json\/wp\/v2\/media?parent=1451"}],"wp:term":[{"taxonomy":"product_brand","embeddable":true,"href":"https:\/\/www.firstedukit.pl\/index.php\/wp-json\/wp\/v2\/product_brand?post=1451"},{"taxonomy":"product_cat","embeddable":true,"href":"https:\/\/www.firstedukit.pl\/index.php\/wp-json\/wp\/v2\/product_cat?post=1451"},{"taxonomy":"product_tag","embeddable":true,"href":"https:\/\/www.firstedukit.pl\/index.php\/wp-json\/wp\/v2\/product_tag?post=1451"}],"curies":[{"name":"wp","href":"https:\/\/api.w.org\/{rel}","templated":true}]}}