{"id":1996,"date":"2024-05-30T22:42:34","date_gmt":"2024-05-30T22:42:34","guid":{"rendered":"https:\/\/www.firstedukit.pl\/?post_type=product&#038;p=1996"},"modified":"2024-09-27T23:25:06","modified_gmt":"2024-09-27T21:25:06","slug":"daily-routines-wild-animals","status":"publish","type":"product","link":"https:\/\/www.firstedukit.pl\/index.php\/product\/daily-routines-wild-animals\/","title":{"rendered":"Daily Routines\/wild animals"},"content":{"rendered":"<p>Zwierz\u0119ta opanowa\u0142y dom, ka\u017cdy pok\u00f3j urz\u0105dzony jest w dzikim klimacie- panterka, pr\u0105\u017cki, c\u0119tki- istne safari!  Ka\u017cde ze zwierz\u0105t przedstawia inn\u0105 czynno\u015b\u0107 wi\u0119c opr\u00f3cz miejsc w domu powt\u00f3rzycie te\u017c tematyk\u0119 wild animals oraz  daily routines.  Aktywno\u015bci dopasujcie do konkretnych godzin i utrwalajcie od razu odczytywanie czasu&#8230; <strong>a je\u015bli ju\u017c mowa o czasie to zaoszcz\u0119d\u017a sw\u00f3j i przygotuj kilka zaj\u0119\u0107 z tym jednym zestawem!<\/strong><br \/>Pakiet plik\u00f3w pdf zawiera:<br \/> &#8211; <strong>\u0142\u0105cznie 64 strony<\/strong> opis\u00f3w i pomocy za zaj\u0119cia po angielsku lub po polsku,<br \/>&#8211; obrazki 10 dzikich zwierz\u0105t wykonuj\u0105cych codzienne czynno\u015bci (np. tygrys myj\u0105cy z\u0119by, zebra jedz\u0105ca \u015bniadanie itp.),<br \/>&#8211; zegar do wyci\u0119cia wraz z pomys\u0142ami do jego wykorzystania,<br \/>&#8211; ilustracje 9 pomieszcze\u0144 w domu,<br \/>&#8211; gr\u0119 na spostrzegawczo\u015b\u0107,<br \/>&#8211; karty pracy po pl i ang.<\/p>\n","protected":false},"excerpt":{"rendered":"<p>Zwierz\u0119ta opanowa\u0142y dom, ka\u017cdy pok\u00f3j urz\u0105dzony jest w dzikim klimacie- panterka, pr\u0105\u017cki, c\u0119tki- istne safari! Ka\u017cde ze zwierz\u0105t przedstawia inn\u0105 czynno\u015b\u0107 wi\u0119c opr\u00f3cz miejsc w domu powt\u00f3rzycie te\u017c tematyk\u0119 wild animals oraz daily routines. Aktywno\u015bci dopasujcie do konkretnych godzin i utrwalajcie od razu odczytywanie czasu&#8230; a je\u015bli ju\u017c mowa o czasie to zaoszcz\u0119d\u017a sw\u00f3j i&#8230;<\/p>\n","protected":false},"featured_media":1998,"comment_status":"open","ping_status":"closed","template":"","meta":{"_kad_post_transparent":"","_kad_post_title":"","_kad_post_layout":"","_kad_post_sidebar_id":"","_kad_post_content_style":"","_kad_post_vertical_padding":"","_kad_post_feature":"","_kad_post_feature_position":"","_kad_post_header":false,"_kad_post_footer":false,"jetpack_post_was_ever_published":false},"product_brand":[],"product_cat":[15,24,23],"product_tag":[122,131,137,129,133,136,130,135],"class_list":{"0":"post-1996","1":"product","2":"type-product","3":"status-publish","4":"has-post-thumbnail","6":"product_cat-e-booki","7":"product_cat-karty-na-zajecia","8":"product_cat-karty-pracy","9":"product_tag-wildanimals","10":"product_tag-clock","11":"product_tag-codzienneczynnosci","12":"product_tag-dailyroutines","13":"product_tag-dzikiezwierzeta","14":"product_tag-pomieszczeniawdomu","15":"product_tag-time","16":"product_tag-zegar","18":"first","19":"instock","20":"sale","21":"downloadable","22":"virtual","23":"taxable","24":"purchasable","25":"product-type-simple","26":"entry","27":"content-bg","28":"loop-entry"},"jetpack_sharing_enabled":true,"_links":{"self":[{"href":"https:\/\/www.firstedukit.pl\/index.php\/wp-json\/wp\/v2\/product\/1996","targetHints":{"allow":["GET"]}}],"collection":[{"href":"https:\/\/www.firstedukit.pl\/index.php\/wp-json\/wp\/v2\/product"}],"about":[{"href":"https:\/\/www.firstedukit.pl\/index.php\/wp-json\/wp\/v2\/types\/product"}],"replies":[{"embeddable":true,"href":"https:\/\/www.firstedukit.pl\/index.php\/wp-json\/wp\/v2\/comments?post=1996"}],"version-history":[{"count":1,"href":"https:\/\/www.firstedukit.pl\/index.php\/wp-json\/wp\/v2\/product\/1996\/revisions"}],"predecessor-version":[{"id":2176,"href":"https:\/\/www.firstedukit.pl\/index.php\/wp-json\/wp\/v2\/product\/1996\/revisions\/2176"}],"wp:featuredmedia":[{"embeddable":true,"href":"https:\/\/www.firstedukit.pl\/index.php\/wp-json\/wp\/v2\/media\/1998"}],"wp:attachment":[{"href":"https:\/\/www.firstedukit.pl\/index.php\/wp-json\/wp\/v2\/media?parent=1996"}],"wp:term":[{"taxonomy":"product_brand","embeddable":true,"href":"https:\/\/www.firstedukit.pl\/index.php\/wp-json\/wp\/v2\/product_brand?post=1996"},{"taxonomy":"product_cat","embeddable":true,"href":"https:\/\/www.firstedukit.pl\/index.php\/wp-json\/wp\/v2\/product_cat?post=1996"},{"taxonomy":"product_tag","embeddable":true,"href":"https:\/\/www.firstedukit.pl\/index.php\/wp-json\/wp\/v2\/product_tag?post=1996"}],"curies":[{"name":"wp","href":"https:\/\/api.w.org\/{rel}","templated":true}]}}