{"id":2006,"date":"2024-05-30T23:19:38","date_gmt":"2024-05-30T23:19:38","guid":{"rendered":"https:\/\/www.firstedukit.pl\/?post_type=product&#038;p=2006"},"modified":"2025-01-05T00:31:18","modified_gmt":"2025-01-04T22:31:18","slug":"daily-routines-wild-animals-mega-paka","status":"publish","type":"product","link":"https:\/\/www.firstedukit.pl\/index.php\/product\/daily-routines-wild-animals-mega-paka\/","title":{"rendered":"DAILY ROUTINES\/ WILD ANIMALS- MEMORY + MEGA PAKA materia\u0142\u00f3w"},"content":{"rendered":"<p><strong><mark class=\"has-inline-color has-theme-palette-1-color\">MEGA PAKIET<\/mark><\/strong> dzi\u0119ki, kt\u00f3remu zaoszcz\u0119dzisz sw\u00f3j czas, a wszystkie propozycje, pliki i pomoce w nim zawarte wykorzystasz przy wielu tematach i okazjach.<br \/><strong>NOWO\u015a\u0106- memory w drewnianym pude\u0142ku- takie same grafiki jak na flashcards z zestawu!<\/strong><br \/>Zwierz\u0119ta opanowa\u0142y dom, ka\u017cdy pok\u00f3j urz\u0105dzony jest w dzikim klimacie- panterka, pr\u0105\u017cki, c\u0119tki- istne safari!  Ka\u017cde ze zwierz\u0105t przedstawia inn\u0105 czynno\u015b\u0107 wi\u0119c opr\u00f3cz miejsc w domu powt\u00f3rzycie te\u017c tematyk\u0119 wild animals oraz  daily routines.  Aktywno\u015bci dopasujcie do konkretnych godzin i utrwalajcie od razu odczytywanie czasu&#8230; <strong>a je\u015bli ju\u017c mowa o czasie to zaoszcz\u0119d\u017a sw\u00f3j i przygotuj kilka zaj\u0119\u0107 z tym jednym zestawem!<\/strong><br \/>Pakiet zawiera:<br \/>&#8211; memory (kwadraty 5cmx 5cm) wycinane na sklejce z bardzo trwa\u0142ym i szczeg\u00f3\u0142owym nadrukiem UV w drewnianym pude\u0142ku wysy\u0142any drog\u0105 pocztow\u0105 <br \/>oraz <strong><mark class=\"has-inline-color has-theme-palette-1-color\">GIGANTYCZNY<\/mark><\/strong> zestaw plik\u00f3w pdf w sk\u0142ad kt\u00f3rego wchodz\u0105:<br \/> &#8211; <strong>\u0142\u0105cznie 64 strony<\/strong> opis\u00f3w i pomocy za zaj\u0119cia po angielsku lub po polsku,<br \/>&#8211; obrazki 10 dzikich zwierz\u0105t wykonuj\u0105cych codzienne czynno\u015bci (np. tygrys myj\u0105cy z\u0119by, zebra jedz\u0105ca \u015bniadanie itp.),<br \/>&#8211; zegar do wyci\u0119cia wraz z pomys\u0142ami do jego wykorzystania,<br \/>&#8211; ilustracje 9 pomieszcze\u0144 w domu,<br \/>&#8211; gr\u0119 na spostrzegawczo\u015b\u0107,<br \/>&#8211; karty pracy po pl i ang,<br \/>&#8211; GRATIS- zestaw Healthy Habits z dzikimi zwierz\u0119tami.<\/p>\n<p>*Dost\u0119p do plik\u00f3w pdf wysy\u0142any jest od razu po dokonaniu p\u0142atno\u015bci, memory- do 2 dni roboczych.<\/p>\n","protected":false},"excerpt":{"rendered":"<p>MEGA PAKIET dzi\u0119ki, kt\u00f3remu zaoszcz\u0119dzisz sw\u00f3j czas, a wszystkie propozycje, pliki i pomoce w nim zawarte wykorzystasz przy wielu tematach i okazjach.NOWO\u015a\u0106- memory w drewnianym pude\u0142ku- takie same grafiki jak na flashcards z zestawu!Zwierz\u0119ta opanowa\u0142y dom, ka\u017cdy pok\u00f3j urz\u0105dzony jest w dzikim klimacie- panterka, pr\u0105\u017cki, c\u0119tki- istne safari! Ka\u017cde ze zwierz\u0105t przedstawia inn\u0105 czynno\u015b\u0107 wi\u0119c&#8230;<\/p>\n","protected":false},"featured_media":2007,"comment_status":"open","ping_status":"closed","template":"","meta":{"_kad_post_transparent":"","_kad_post_title":"","_kad_post_layout":"","_kad_post_sidebar_id":"","_kad_post_content_style":"","_kad_post_vertical_padding":"","_kad_post_feature":"","_kad_post_feature_position":"","_kad_post_header":false,"_kad_post_footer":false,"jetpack_post_was_ever_published":false},"product_brand":[],"product_cat":[204,15,24,23,123],"product_tag":[122,137,129,138,133,132,136],"class_list":{"0":"post-2006","1":"product","2":"type-product","3":"status-publish","4":"has-post-thumbnail","6":"product_cat-animals","7":"product_cat-e-booki","8":"product_cat-karty-na-zajecia","9":"product_cat-karty-pracy","10":"product_cat-pomoce-dydaktyczne","11":"product_tag-wildanimals","12":"product_tag-codzienneczynnosci","13":"product_tag-dailyroutines","14":"product_tag-dom","15":"product_tag-dzikiezwierzeta","16":"product_tag-home","17":"product_tag-pomieszczeniawdomu","18":"product_shipping_class-a","20":"first","21":"instock","22":"downloadable","23":"sold-individually","24":"taxable","25":"shipping-taxable","26":"purchasable","27":"product-type-simple","28":"entry","29":"content-bg","30":"loop-entry"},"jetpack_sharing_enabled":true,"_links":{"self":[{"href":"https:\/\/www.firstedukit.pl\/index.php\/wp-json\/wp\/v2\/product\/2006","targetHints":{"allow":["GET"]}}],"collection":[{"href":"https:\/\/www.firstedukit.pl\/index.php\/wp-json\/wp\/v2\/product"}],"about":[{"href":"https:\/\/www.firstedukit.pl\/index.php\/wp-json\/wp\/v2\/types\/product"}],"replies":[{"embeddable":true,"href":"https:\/\/www.firstedukit.pl\/index.php\/wp-json\/wp\/v2\/comments?post=2006"}],"version-history":[{"count":0,"href":"https:\/\/www.firstedukit.pl\/index.php\/wp-json\/wp\/v2\/product\/2006\/revisions"}],"wp:featuredmedia":[{"embeddable":true,"href":"https:\/\/www.firstedukit.pl\/index.php\/wp-json\/wp\/v2\/media\/2007"}],"wp:attachment":[{"href":"https:\/\/www.firstedukit.pl\/index.php\/wp-json\/wp\/v2\/media?parent=2006"}],"wp:term":[{"taxonomy":"product_brand","embeddable":true,"href":"https:\/\/www.firstedukit.pl\/index.php\/wp-json\/wp\/v2\/product_brand?post=2006"},{"taxonomy":"product_cat","embeddable":true,"href":"https:\/\/www.firstedukit.pl\/index.php\/wp-json\/wp\/v2\/product_cat?post=2006"},{"taxonomy":"product_tag","embeddable":true,"href":"https:\/\/www.firstedukit.pl\/index.php\/wp-json\/wp\/v2\/product_tag?post=2006"}],"curies":[{"name":"wp","href":"https:\/\/api.w.org\/{rel}","templated":true}]}}