{"id":2070,"date":"2024-08-12T21:04:45","date_gmt":"2024-08-12T21:04:45","guid":{"rendered":"https:\/\/www.firstedukit.pl\/?post_type=product&#038;p=2070"},"modified":"2025-01-05T00:37:10","modified_gmt":"2025-01-04T22:37:10","slug":"sea-animals","status":"publish","type":"product","link":"https:\/\/www.firstedukit.pl\/index.php\/product\/sea-animals\/","title":{"rendered":"SEA ANIMALS"},"content":{"rendered":"<p>Zanurzcie si\u0119 w morskie g\u0142\u0119biny w rytmie <em>Down<\/em> <em>in the deep blue sea. <\/em>Sprawd\u017acie, kogo ukry\u0142o morze w muszelkach, a kogo w piasku. Po trudach poszukiwa\u0144 zrelaksujcie si\u0119 zamieniaj\u0105c si\u0119 w fale, a gdy b\u0119dzie Wam wci\u0105\u017c ma\u0142o to przyjrzyjcie si\u0119 morskim CUDAKOM- m\u00f3j HIT, kt\u00f3ry pokochaj\u0105 wszystkie dzieci! Nazywajcie je tworz\u0105c nowe wyrazy, wymy\u015blcie dla nich nowe ruchy i wykorzystajcie jak tylko podpowiada Wam wasza wyobra\u017ania. <br \/>PLUSK! <br \/>Nurkuj\u0105c w plikach <strong>PDF<\/strong> znajdziecie:<br \/>&#8211; opis proponowanych przeprowadzenia zaj\u0119\u0107 (zabaw i aktywno\u015bci) oparty na piosence SSS- <em>In the deep blue sea<\/em>,<br \/>&#8211; karty obrazkowe do ww. piosenki,<br \/>&#8211; pomys\u0142 na &#8222;morze&#8221; w pude\u0142ku (zawarty w opisie),<br \/>&#8211; GRATIS- karty z morskimi CUDAKAMI (nierealne hybrydy zwierz\u0105t morskich, kt\u00f3re idealnie pobudz\u0105 dzieci\u0119ca wyobra\u017anie i zach\u0119c\u0105 do m\u00f3wienia).<\/p>\n","protected":false},"excerpt":{"rendered":"<p>Zanurzcie si\u0119 w morskie g\u0142\u0119biny w rytmie Down in the deep blue sea. Sprawd\u017acie, kogo ukry\u0142o morze w muszelkach, a kogo w piasku. Po trudach poszukiwa\u0144 zrelaksujcie si\u0119 zamieniaj\u0105c si\u0119 w fale, a gdy b\u0119dzie Wam wci\u0105\u017c ma\u0142o to przyjrzyjcie si\u0119 morskim CUDAKOM- m\u00f3j HIT, kt\u00f3ry pokochaj\u0105 wszystkie dzieci! Nazywajcie je tworz\u0105c nowe wyrazy, wymy\u015blcie&#8230;<\/p>\n","protected":false},"featured_media":2071,"comment_status":"open","ping_status":"closed","template":"","meta":{"_kad_post_transparent":"","_kad_post_title":"","_kad_post_layout":"","_kad_post_sidebar_id":"","_kad_post_content_style":"","_kad_post_vertical_padding":"","_kad_post_feature":"","_kad_post_feature_position":"","_kad_post_header":false,"_kad_post_footer":false,"jetpack_post_was_ever_published":false},"product_brand":[],"product_cat":[204,15,24,209],"product_tag":[144,142,143,141],"class_list":{"0":"post-2070","1":"product","2":"type-product","3":"status-publish","4":"has-post-thumbnail","6":"product_cat-animals","7":"product_cat-e-booki","8":"product_cat-karty-na-zajecia","9":"product_cat-summer","10":"product_tag-inthedeepbluesea","11":"product_tag-sea","12":"product_tag-seacreatures","13":"product_tag-seanimals","15":"first","16":"instock","17":"downloadable","18":"virtual","19":"taxable","20":"purchasable","21":"product-type-simple","22":"entry","23":"content-bg","24":"loop-entry"},"jetpack_sharing_enabled":true,"_links":{"self":[{"href":"https:\/\/www.firstedukit.pl\/index.php\/wp-json\/wp\/v2\/product\/2070","targetHints":{"allow":["GET"]}}],"collection":[{"href":"https:\/\/www.firstedukit.pl\/index.php\/wp-json\/wp\/v2\/product"}],"about":[{"href":"https:\/\/www.firstedukit.pl\/index.php\/wp-json\/wp\/v2\/types\/product"}],"replies":[{"embeddable":true,"href":"https:\/\/www.firstedukit.pl\/index.php\/wp-json\/wp\/v2\/comments?post=2070"}],"version-history":[{"count":0,"href":"https:\/\/www.firstedukit.pl\/index.php\/wp-json\/wp\/v2\/product\/2070\/revisions"}],"wp:featuredmedia":[{"embeddable":true,"href":"https:\/\/www.firstedukit.pl\/index.php\/wp-json\/wp\/v2\/media\/2071"}],"wp:attachment":[{"href":"https:\/\/www.firstedukit.pl\/index.php\/wp-json\/wp\/v2\/media?parent=2070"}],"wp:term":[{"taxonomy":"product_brand","embeddable":true,"href":"https:\/\/www.firstedukit.pl\/index.php\/wp-json\/wp\/v2\/product_brand?post=2070"},{"taxonomy":"product_cat","embeddable":true,"href":"https:\/\/www.firstedukit.pl\/index.php\/wp-json\/wp\/v2\/product_cat?post=2070"},{"taxonomy":"product_tag","embeddable":true,"href":"https:\/\/www.firstedukit.pl\/index.php\/wp-json\/wp\/v2\/product_tag?post=2070"}],"curies":[{"name":"wp","href":"https:\/\/api.w.org\/{rel}","templated":true}]}}