{"id":2200,"date":"2024-09-28T20:49:59","date_gmt":"2024-09-28T18:49:59","guid":{"rendered":"https:\/\/www.firstedukit.pl\/?post_type=product&#038;p=2200"},"modified":"2025-01-05T00:47:20","modified_gmt":"2025-01-04T22:47:20","slug":"autumn-autumn-everywhere","status":"publish","type":"product","link":"https:\/\/www.firstedukit.pl\/index.php\/product\/autumn-autumn-everywhere\/","title":{"rendered":"Autumn, Autumn everywhere"},"content":{"rendered":"<p>Rozbud\u017a kreatywno\u015b\u0107 i zaanga\u017cowanie swoich uczni\u00f3w za pomoc\u0105 kompleksowego zestawu PDF, kt\u00f3ry zosta\u0142 zaprojektowany specjalnie na jesienne lekcje j\u0119zyka angielskiego. Materia\u0142y to a\u017c 36 stron pomoc dydaktycznych, kt\u00f3re oszcz\u0119dz\u0105 Tw\u00f3j czas i pomog\u0105 zaplanowa\u0107 jesienne tygodnie.<br \/><strong>Co znajdziesz w \u015brodku?<\/strong><br \/>\u2714 <strong>Flashcards<\/strong> \u2013 Gotowe do u\u017cycia karty obrazkowe, kt\u00f3re pomog\u0105 wprowadzi\u0107 jesienne s\u0142ownictwo.<br \/>\u2714 <strong>Propozycje wprowadzenia piosenki<\/strong> \u2013 Roz\u015bpiewaj uczni\u00f3w z \u0142atwo\u015bci\u0105 dzi\u0119ki jesiennym melodiom, kt\u00f3re z pewno\u015bci\u0105 wpadn\u0105 im w ucho.<br \/>\u2714 <strong>Gry i zabawy<\/strong> \u2013 Memory \u0107wicz\u0105ce jesienne kolory, zabawy dla m\u0142odszych i starszych, w tym poszukiwanie rym\u00f3w i tworzenie wyraz\u00f3w.<br \/>\u2714 <strong>Jesienna orkiestra<\/strong> \u2013 Dowiesz si\u0119, jak stworzy\u0107 rytmiczne zaj\u0119cia inspirowane d\u017awi\u0119kami jesieni!<br \/>\u2714 <strong>Rytua\u0142y na powitanie i po\u017cegnanie zaj\u0119\u0107<\/strong> \u2013 Wprowad\u017a sezonowy akcent i zbuduj anga\u017cuj\u0105c\u0105 atmosfer\u0119 od samego pocz\u0105tku.<br \/>\u2714<strong>Dok\u0142adny opis<\/strong> (11 stron) proponowanych przeze mnie aktywno\u015bci do wykorzystania na twoich zaj\u0119ciach.<\/p>\n<p><strong>Dla kogo?<\/strong><br \/>Materia\u0142y s\u0105 idealne zar\u00f3wno dla m\u0142odszych, jak i starszych uczni\u00f3w, dostarczaj\u0105c r\u00f3\u017cnorodne aktywno\u015bci, kt\u00f3re z \u0142atwo\u015bci\u0105 dostosujesz do poziomu grupy.<br \/><strong>Oszcz\u0119dno\u015b\u0107 czasu<\/strong><br \/>Pakiet ten pozwoli Ci zaoszcz\u0119dzi\u0107 godziny przygotowa\u0144 \u2013 wszystko jest gotowe do druku i natychmiastowego u\u017cycia na zaj\u0119ciach!  Propozycje gier i zabaw mo\u017cesz wykorzystywa\u0107 przez ca\u0142y miesi\u0105c jesiennych zaj\u0119\u0107!<br \/>Zainwestuj w gotowe materia\u0142y dydaktyczne i ciesz si\u0119 jesiennym klimatem na swoich lekcjach, bez stresu zwi\u0105zanego z ich przygotowaniami!<\/p>\n","protected":false},"excerpt":{"rendered":"<p>Rozbud\u017a kreatywno\u015b\u0107 i zaanga\u017cowanie swoich uczni\u00f3w za pomoc\u0105 kompleksowego zestawu PDF, kt\u00f3ry zosta\u0142 zaprojektowany specjalnie na jesienne lekcje j\u0119zyka angielskiego. Materia\u0142y to a\u017c 36 stron pomoc dydaktycznych, kt\u00f3re oszcz\u0119dz\u0105 Tw\u00f3j czas i pomog\u0105 zaplanowa\u0107 jesienne tygodnie.Co znajdziesz w \u015brodku?\u2714 Flashcards \u2013 Gotowe do u\u017cycia karty obrazkowe, kt\u00f3re pomog\u0105 wprowadzi\u0107 jesienne s\u0142ownictwo.\u2714 Propozycje wprowadzenia piosenki \u2013&#8230;<\/p>\n","protected":false},"featured_media":2203,"comment_status":"open","ping_status":"closed","template":"","meta":{"_kad_post_transparent":"","_kad_post_title":"","_kad_post_layout":"","_kad_post_sidebar_id":"","_kad_post_content_style":"","_kad_post_vertical_padding":"","_kad_post_feature":"","_kad_post_feature_position":"","_kad_post_header":false,"_kad_post_footer":false,"jetpack_post_was_ever_published":false},"product_brand":[],"product_cat":[215,15,24,123,201],"product_tag":[],"class_list":{"0":"post-2200","1":"product","2":"type-product","3":"status-publish","4":"has-post-thumbnail","6":"product_cat-autumn","7":"product_cat-e-booki","8":"product_cat-karty-na-zajecia","9":"product_cat-pomoce-dydaktyczne","10":"product_cat-seasons","12":"first","13":"instock","14":"downloadable","15":"virtual","16":"taxable","17":"purchasable","18":"product-type-simple","19":"entry","20":"content-bg","21":"loop-entry"},"jetpack_sharing_enabled":true,"_links":{"self":[{"href":"https:\/\/www.firstedukit.pl\/index.php\/wp-json\/wp\/v2\/product\/2200","targetHints":{"allow":["GET"]}}],"collection":[{"href":"https:\/\/www.firstedukit.pl\/index.php\/wp-json\/wp\/v2\/product"}],"about":[{"href":"https:\/\/www.firstedukit.pl\/index.php\/wp-json\/wp\/v2\/types\/product"}],"replies":[{"embeddable":true,"href":"https:\/\/www.firstedukit.pl\/index.php\/wp-json\/wp\/v2\/comments?post=2200"}],"version-history":[{"count":1,"href":"https:\/\/www.firstedukit.pl\/index.php\/wp-json\/wp\/v2\/product\/2200\/revisions"}],"predecessor-version":[{"id":2214,"href":"https:\/\/www.firstedukit.pl\/index.php\/wp-json\/wp\/v2\/product\/2200\/revisions\/2214"}],"wp:featuredmedia":[{"embeddable":true,"href":"https:\/\/www.firstedukit.pl\/index.php\/wp-json\/wp\/v2\/media\/2203"}],"wp:attachment":[{"href":"https:\/\/www.firstedukit.pl\/index.php\/wp-json\/wp\/v2\/media?parent=2200"}],"wp:term":[{"taxonomy":"product_brand","embeddable":true,"href":"https:\/\/www.firstedukit.pl\/index.php\/wp-json\/wp\/v2\/product_brand?post=2200"},{"taxonomy":"product_cat","embeddable":true,"href":"https:\/\/www.firstedukit.pl\/index.php\/wp-json\/wp\/v2\/product_cat?post=2200"},{"taxonomy":"product_tag","embeddable":true,"href":"https:\/\/www.firstedukit.pl\/index.php\/wp-json\/wp\/v2\/product_tag?post=2200"}],"curies":[{"name":"wp","href":"https:\/\/api.w.org\/{rel}","templated":true}]}}