{"id":2275,"date":"2024-10-23T23:08:12","date_gmt":"2024-10-23T21:08:12","guid":{"rendered":"https:\/\/www.firstedukit.pl\/?post_type=product&#038;p=2275"},"modified":"2025-01-07T00:42:58","modified_gmt":"2025-01-06T22:42:58","slug":"halloween-animals","status":"publish","type":"product","link":"https:\/\/www.firstedukit.pl\/index.php\/product\/halloween-animals\/","title":{"rendered":"Halloween animals"},"content":{"rendered":"<p>BOOO!!!! \ud83d\udc7b <strong>&#8222;Halloween Animals&#8221; &#8211; zestaw, kt\u00f3ry zaskoczy ka\u017cdego!<\/strong> \ud83c\udf83 <br \/>Wyobra\u017a sobie, \u017ce Twoje zaj\u0119cia staj\u0105 si\u0119 tak strasznie\u2026 odjazdowe, \u017ce dzieci nie mog\u0105 si\u0119 ich doczeka\u0107! Z zestawem <strong>&#8222;Halloween Animals&#8221;<\/strong>, ka\u017cda lekcja b\u0119dzie prawdziw\u0105 imprez\u0105. Co najlepsze? Ten zestaw PDF jest tak wszechstronny, \u017ce idealnie sprawdzi si\u0119 na Halloween, Sylwestra, Karnawa\u0142 czy ka\u017cdy dzie\u0144, kiedy masz ochot\u0119 na troch\u0119 zwierzakowej magii!<br \/>Co znajdziesz w \u015brodku? A\u017c <strong>6 strrrrrasznie zabawnych<\/strong> PDF-\u00f3w: \ud83e\udd84 9 zwierz\u0105t, kt\u00f3re przebra\u0142y si\u0119 za&#8230; inne zwierz\u0119ta! Tak, dobrze czytasz \u2013 to zwierz\u0119ce zamieszanie to hit!<br \/>\ud83d\udd7a <strong>Gra dywanowa<\/strong> w kt\u00f3rej twoim zadaniem jest doprowadzenie wszystkich zwierzak\u00f3w na imprezk\u0119! \u2013 wydrukuj i przygotuj do niej tylko kostk\u0119 do gry. Rozruszaniem grupy zajm\u0105 si\u0119 pola funkcyjne i karty ruchowe.<br \/>\ud83d\udc7b 9 zwierz\u0105t w przebraniach gotowych na Halloween, a do tego karta pracy, kt\u00f3ra sprawi, \u017ce zaj\u0119cia zapadn\u0105 w pami\u0119\u0107.<br \/> \ud83e\udd92 <strong>Rymowanka &#8222;Giraffe and Halloween Night&#8221;<\/strong> \u2013 w bonusie flashcards i ubrania do wiersza! Nauka s\u0142\u00f3wek<br \/> w takiej formie to czysta przyjemno\u015b\u0107.<br \/>Z tymi kartami dzieci nie tylko poznaj\u0105 s\u0142ownictwo zwi\u0105zane z halloweenowymi kostiumami, ale tak\u017ce powt\u00f3rz\u0105 nazwy wybranych <strong>dzikich zwierz\u0105t<\/strong>! \ud83e\udd81\ud83d\udc18\ud83d\udc12 Idealne po\u0142\u0105czenie edukacji i zabawy.<\/p>\n<p>Ten zestaw to prawdziwa pere\u0142ka, kt\u00f3ra sprawi, \u017ce Twoje zaj\u0119cia b\u0119d\u0105 niepowtarzalne, <strong>unikalne<\/strong> i STRASZZZNIE dobre! \ud83c\udf89 Niezale\u017cnie od okazji, <strong>&#8222;Halloween Animals&#8221;<\/strong> to must-have ka\u017cdego kreatywnego nauczyciela. Gotowi na najbardziej szalon\u0105 imprez\u0119 z zwierzakami?<\/p>\n","protected":false},"excerpt":{"rendered":"<p>BOOO!!!! \ud83d\udc7b &#8222;Halloween Animals&#8221; &#8211; zestaw, kt\u00f3ry zaskoczy ka\u017cdego! \ud83c\udf83 Wyobra\u017a sobie, \u017ce Twoje zaj\u0119cia staj\u0105 si\u0119 tak strasznie\u2026 odjazdowe, \u017ce dzieci nie mog\u0105 si\u0119 ich doczeka\u0107! Z zestawem &#8222;Halloween Animals&#8221;, ka\u017cda lekcja b\u0119dzie prawdziw\u0105 imprez\u0105. Co najlepsze? Ten zestaw PDF jest tak wszechstronny, \u017ce idealnie sprawdzi si\u0119 na Halloween, Sylwestra, Karnawa\u0142 czy ka\u017cdy dzie\u0144,&#8230;<\/p>\n","protected":false},"featured_media":2276,"comment_status":"open","ping_status":"closed","template":"","meta":{"_kad_post_transparent":"","_kad_post_title":"","_kad_post_layout":"","_kad_post_sidebar_id":"","_kad_post_content_style":"","_kad_post_vertical_padding":"","_kad_post_feature":"","_kad_post_feature_position":"","_kad_post_header":false,"_kad_post_footer":false,"jetpack_post_was_ever_published":false},"product_brand":[],"product_cat":[204,217,24,23,203],"product_tag":[167,168,165,166,122],"class_list":{"0":"post-2275","1":"product","2":"type-product","3":"status-publish","4":"has-post-thumbnail","6":"product_cat-animals","7":"product_cat-halloween","8":"product_cat-karty-na-zajecia","9":"product_cat-karty-pracy","10":"product_cat-special-days","11":"product_tag-carnival","12":"product_tag-giraffe","13":"product_tag-halloween","14":"product_tag-party","15":"product_tag-wildanimals","17":"first","18":"instock","19":"downloadable","20":"virtual","21":"taxable","22":"purchasable","23":"product-type-simple","24":"entry","25":"content-bg","26":"loop-entry"},"jetpack_sharing_enabled":true,"_links":{"self":[{"href":"https:\/\/www.firstedukit.pl\/index.php\/wp-json\/wp\/v2\/product\/2275","targetHints":{"allow":["GET"]}}],"collection":[{"href":"https:\/\/www.firstedukit.pl\/index.php\/wp-json\/wp\/v2\/product"}],"about":[{"href":"https:\/\/www.firstedukit.pl\/index.php\/wp-json\/wp\/v2\/types\/product"}],"replies":[{"embeddable":true,"href":"https:\/\/www.firstedukit.pl\/index.php\/wp-json\/wp\/v2\/comments?post=2275"}],"version-history":[{"count":1,"href":"https:\/\/www.firstedukit.pl\/index.php\/wp-json\/wp\/v2\/product\/2275\/revisions"}],"predecessor-version":[{"id":2283,"href":"https:\/\/www.firstedukit.pl\/index.php\/wp-json\/wp\/v2\/product\/2275\/revisions\/2283"}],"wp:featuredmedia":[{"embeddable":true,"href":"https:\/\/www.firstedukit.pl\/index.php\/wp-json\/wp\/v2\/media\/2276"}],"wp:attachment":[{"href":"https:\/\/www.firstedukit.pl\/index.php\/wp-json\/wp\/v2\/media?parent=2275"}],"wp:term":[{"taxonomy":"product_brand","embeddable":true,"href":"https:\/\/www.firstedukit.pl\/index.php\/wp-json\/wp\/v2\/product_brand?post=2275"},{"taxonomy":"product_cat","embeddable":true,"href":"https:\/\/www.firstedukit.pl\/index.php\/wp-json\/wp\/v2\/product_cat?post=2275"},{"taxonomy":"product_tag","embeddable":true,"href":"https:\/\/www.firstedukit.pl\/index.php\/wp-json\/wp\/v2\/product_tag?post=2275"}],"curies":[{"name":"wp","href":"https:\/\/api.w.org\/{rel}","templated":true}]}}