{"id":2626,"date":"2025-02-12T22:55:23","date_gmt":"2025-02-12T20:55:23","guid":{"rendered":"https:\/\/www.firstedukit.pl\/?post_type=product&#038;p=2626"},"modified":"2025-02-12T23:14:57","modified_gmt":"2025-02-12T21:14:57","slug":"love-is-in-the-air","status":"publish","type":"product","link":"https:\/\/www.firstedukit.pl\/index.php\/product\/love-is-in-the-air\/","title":{"rendered":"Love is in the air"},"content":{"rendered":"<p>\ud83d\udc96 <strong>Stw\u00f3rz niezapomniane walentynkowe zaj\u0119cia pe\u0142ne rado\u015bci i \u015bmiechu!<\/strong> \ud83d\udc96<br \/>E-book <strong>\u201eLOVE IS in the air\u201d<\/strong> to zestaw kreatywnych zabaw i materia\u0142\u00f3w dydaktycznych w formie <strong>pdf<\/strong>, kt\u00f3re pomog\u0105 przedszkolakom rozwija\u0107 umiej\u0119tno\u015bci j\u0119zykowe w przyjazny, anga\u017cuj\u0105cy spos\u00f3b. Do wykorzystania zar\u00f3wno <strong>po polsku jak i angielsku.<\/strong> Przygotuj i wydrukuj materia\u0142y i odszukaj zakochane pary, &#8222;po\u015blij&#8221; buziaka poruszaj\u0105c si\u0119 z zamkni\u0119tymi oczami, zata\u0144cz do mi\u0142osnych utwor\u00f3w i sprawd\u017a czy uda Ci si\u0119 uciec przed mi\u0142o\u015bci\u0105 \ud83d\ude42<br \/>W plikach znajdziesz:<br \/>\ud83d\udc96 mini e-book z 10 walentynkowymi aktywno\u015bciami,<br \/>\ud83d\udc96 karty z uroczymi ilustracjami,<br \/>\ud83d\udc96 zabaw\u0119 z afirmacj\u0105 i emotkami \ud83d\udc87\u200d\u2640\ufe0f<strong>\ud83d\ude18<\/strong>\ud83e\uddf8,<br \/>\ud83d\udc96 opisywanie wygl\u0105du z u\u017cyciem &#8222;has got&#8221;,<br \/>\ud83d\udc96 BONUSOWE materia\u0142y.<\/p>\n<p>Co otrzymujesz razem z plikami?<br \/>\u2705 <strong>Gotowe do u\u017cycia materia\u0142y<\/strong> \u2013 oszcz\u0119dno\u015b\u0107 Twojego czasu.<br \/>\u2705 <strong>Idealne pomys\u0142y na walentynkowe zaj\u0119cia<\/strong> \u2013 doskona\u0142e do przedszkola, edukacji domowej i zaj\u0119\u0107 wczesnoszkolnych.<br \/>\u2705 <strong>Rozw\u00f3j przez zabaw\u0119<\/strong> \u2013 dzieci ucz\u0105 si\u0119 poprzez interakcj\u0119, ruch i \u015bmiech!<br \/>\u2705 <strong>Anga\u017cuj\u0105ce i atrakcyjne wizualnie materia\u0142y<\/strong> \u2013 kolorowe ilustracje i przemy\u015blane \u0107wiczenia.<\/p>\n<p><\/p>\n","protected":false},"excerpt":{"rendered":"<h3 data-pm-slice=\"1 1 []\"><\/h3>\n","protected":false},"featured_media":2629,"comment_status":"open","ping_status":"closed","template":"","meta":{"_kad_post_transparent":"","_kad_post_title":"","_kad_post_layout":"","_kad_post_sidebar_id":"","_kad_post_content_style":"","_kad_post_vertical_padding":"","_kad_post_feature":"","_kad_post_feature_position":"","_kad_post_header":false,"_kad_post_footer":false,"jetpack_post_was_ever_published":false},"product_brand":[],"product_cat":[15,207,123,203],"product_tag":[72,71],"class_list":{"0":"post-2626","1":"product","2":"type-product","3":"status-publish","4":"has-post-thumbnail","6":"product_cat-e-booki","7":"product_cat-na-zajecia-po-polsku","8":"product_cat-pomoce-dydaktyczne","9":"product_cat-special-days","10":"product_tag-love","11":"product_tag-valentines-day","13":"first","14":"instock","15":"sale","16":"downloadable","17":"virtual","18":"taxable","19":"purchasable","20":"product-type-simple","21":"entry","22":"content-bg","23":"loop-entry"},"jetpack_sharing_enabled":true,"_links":{"self":[{"href":"https:\/\/www.firstedukit.pl\/index.php\/wp-json\/wp\/v2\/product\/2626","targetHints":{"allow":["GET"]}}],"collection":[{"href":"https:\/\/www.firstedukit.pl\/index.php\/wp-json\/wp\/v2\/product"}],"about":[{"href":"https:\/\/www.firstedukit.pl\/index.php\/wp-json\/wp\/v2\/types\/product"}],"replies":[{"embeddable":true,"href":"https:\/\/www.firstedukit.pl\/index.php\/wp-json\/wp\/v2\/comments?post=2626"}],"version-history":[{"count":1,"href":"https:\/\/www.firstedukit.pl\/index.php\/wp-json\/wp\/v2\/product\/2626\/revisions"}],"predecessor-version":[{"id":2640,"href":"https:\/\/www.firstedukit.pl\/index.php\/wp-json\/wp\/v2\/product\/2626\/revisions\/2640"}],"wp:featuredmedia":[{"embeddable":true,"href":"https:\/\/www.firstedukit.pl\/index.php\/wp-json\/wp\/v2\/media\/2629"}],"wp:attachment":[{"href":"https:\/\/www.firstedukit.pl\/index.php\/wp-json\/wp\/v2\/media?parent=2626"}],"wp:term":[{"taxonomy":"product_brand","embeddable":true,"href":"https:\/\/www.firstedukit.pl\/index.php\/wp-json\/wp\/v2\/product_brand?post=2626"},{"taxonomy":"product_cat","embeddable":true,"href":"https:\/\/www.firstedukit.pl\/index.php\/wp-json\/wp\/v2\/product_cat?post=2626"},{"taxonomy":"product_tag","embeddable":true,"href":"https:\/\/www.firstedukit.pl\/index.php\/wp-json\/wp\/v2\/product_tag?post=2626"}],"curies":[{"name":"wp","href":"https:\/\/api.w.org\/{rel}","templated":true}]}}